at is the remainder when 327 is divided by (-4)/16 + n/(-28)?
45
Suppose -o = -5*g + 19, -27 = -5*o + 3*o - 3*g. Suppose -31*s = o*s - 10952. Calculate the remainder when s is divided by 25.
21
Let b(z) = -22*z**3 - 5*z + 3. Let r be b(3). Suppose 82*v - 774 = 64*v. Calculate the remainder when v is divided by r/(-66) + (-2)/11.
7
Suppose -5*g = -10*g, -22*p = -19*p - 2*g. What is the remainder when (36/10)/(2/10) is divided by 4 + (-4 + p)*13/26?
0
Let h(z) = 6*z**2 - 22*z + 17*z - 4*z**2 + 14 - z**2. Let a(c) = -c**3 + 8*c**2 + 9*c + 8. Let u be a(9). What is the remainder when 112 is divided by h(u)?
36
Let a(q) = q**3 - 5*q**2 - 64*q - 95. Let n be a(12). Let g(y) = 3*y**2 + 3*y + 1. Let i be g(-6). Let r = n - i. What is the remainder when r is divided by 28?
26
What is the remainder when 2390 is divided by 1/3 - (59840/60)/(-44)?
21
Let s be ((-5076)/135)/(2/(-10) + 0). Let q = s - 185. Calculate the remainder when 16 is divided by q.
1
Let h(w) = 3*w**2 - 527*w + 1049. Calculate the remainder when 338 is divided by h(2).
2
Let a = -147244 - -147426. Let f(m) = -36*m + 1. Suppose 3 - 1 = -2*r. Calculate the remainder when a is divided by f(r).
34
Let z(r) = 5*r**2 - 6*r + 9. Let d(l) = -l**3 + 5*l**2 - 2. Let m be d(4). Suppose -19 = -11*t + m. What is the remainder when z(t) is divided by 20?
16
Let j(l) = l**2 - 13*l + 30. Let h be j(16). What is the remainder when 358 is divided by (3/(-6)*15)/(h/(-416))?
38
Suppose -2*l = 2*p, -4*p - 3*l + 0 + 4 = 0. Let y be (-3)/(-2) + (-3)/2. Suppose -280 = -p*i - y*i. Calculate the remainder when i is divided by 12.
10
Let l(g) = 4*g + 25. Let t be l(-6). Let b(r) = r + 1. Let j(d) = 18*d - 6. Let h(z) = 3*b(z) + j(z). What is the remainder when 33 is divided by h(t)?
15
Suppose -62*r = -55*r - 35. Suppose -4*v + 805 = 5*q, r*q + 69 - 869 = -5*v. What is the remainder when q is divided by (2/(-5))/((-1)/60)?
21
Suppose 5*s = 25, -3*n + 4*n - 3*s = 264. Suppose 7*v - 432 = -243. Suppose 6*f = -v + n. What is the remainder when f is divided by 9?
6
Suppose 5*o = -5*q + 395, 3*q + 6*o - 11*o = 245. Suppose 2*v - 4*h + 10 - q = 0, -2*v = 5*h - 43. What is the remainder when v is divided by 14?
1
Suppose 0 = 3370*g - 3292*g - 17706. What is the remainder when 2719 is divided by g?
222
Let j(i) = -280*i - 13687. Let q = -21 + 33. What is the remainder when j(-49) is divided by q?
9
Suppose -2*f + 7 + 1 = 0. Suppose f*r - 431 = 161. Let p = r + -70. What is the remainder when p is divided by 16?
14
Suppose 0 = -13*s + 33*s - 2600. Suppose 5*h = -2*l + 80, -5*l - 4*h + 53 = -s. What is the remainder when 66 is divided by l?
31
Let q(f) = 640*f - 4396. Calculate the remainder when 4450 is divided by q(7).
82
Suppose 320*w = 140*w + 434160. Calculate the remainder when w is divided by 115.
112
Suppose 2*j = 1514 - 150. Let d = 59 - 59. What is the remainder when j/11 + (d - -1) is divided by 17?
12
Let j = 12401 - 11832. What is the remainder when j is divided by 15?
14
Let d = 58 + -44. Let n(o) = -o - 3. Let u be n(-5). Suppose -u*s = -118 + 108. What is the remainder when d is divided by s?
4
Let r(k) = 1 + 5*k - 13*k**2 - k**3 + 4 + 3. Suppose -324 = 92*y - 104*y. What is the remainder when r(-14) is divided by y?
26
Suppose -9 + 21 = 2*a. Let l(r) be the second derivative of -r**4/12 + 2*r**3 + 3*r**2 - 3*r. Calculate the remainder when l(a) is divided by 11.
9
Let g be (-2)/(4/(-106)) - 3. Calculate the remainder when 41 is divided by -50*1/(-3)*90/g.
11
Calculate the remainder when (2 - 13) + (-125 - -371) is divided by 73.
16
Let r(l) = 466*l - 6056. Let c = -11 - -18. Let w = 12 + c. Calculate the remainder when w is divided by r(13).
1
Suppose -152*r + 1081 = 3*w - 157*r, 754 = 2*w + 5*r. What is the remainder when w is divided by 100?
67
Let p(q) = q**2 + 126*q + 2121. What is the remainder when ((-1)/(-2))/(4/232) is divided by p(-106)?
0
Suppose -r + 0 + 2 = -c, 0 = 5*c + 3*r - 22. Let m be (-1 - 0)/(c/30). Let u = 32 + m. Calculate the remainder when 30 is divided by u.
13
Suppose 24*z - 218 = 12*z - 50. Calculate the remainder when 6395 is divided by z.
11
Let k be 166/913 + 196/11. Let v(x) = x**2 - 16*x - 28. What is the remainder when v(k) is divided by 5?
3
Let f(g) = g**3 + 12*g**2 + 11*g + 331. What is the remainder when (-14475)/(-55) - (0 - 6/(-33)) is divided by f(-13)?
16
Suppose -5*a + 8*t - 15 = 12*t, -18 = -3*a + 3*t. Calculate the remainder when 38 is divided by ((-8)/(-10))/(a/10).
6
Suppose -7*f + 7233 = 12*f + 3015. Calculate the remainder when f is divided by 57.
51
Let c(k) = k**3 - 53*k**2 - 67*k + 732. Let o be (-1 + 1)*3/(-6). Let z(p) = p**2 + 148. What is the remainder when z(o) is divided by c(54)?
28
Let l be 12/(-8)*32/(-12). Let u = 570 - 544. Suppose -l*b = u - 118. Calculate the remainder when 67 is divided by b.
21
Suppose 0 = u + 5*l - 9, -3*u + 27 = -l - 2*l. What is the remainder when u is divided by 49/(-21)*(-1296)/756?
1
Suppose 26*p + 49 = -55. Calculate the remainder when 24 is divided by 55/(-2)*p*7/70.
2
Let j(v) be the third derivative of -31*v**4/12 + 20*v**3/3 - 127*v**2 + 2. Calculate the remainder when j(-1) is divided by 17.
0
Let y = 11774 + -9999. What is the remainder when y is divided by 94?
83
Let w(t) = 364*t - 140*t + 13 - 15 + 4. What is the remainder when w(1) is divided by 12?
10
Let c = -19303 - -19838. What is the remainder when 1663 is divided by c?
58
Let d be 114/8 + (-5)/20. Suppose -223 - 29 = -d*m. Calculate the remainder when 69 is divided by m.
15
Let r(n) = -57*n + 308. Calculate the remainder when 62 is divided by r(5).
16
Suppose -2*z = -8*z + 144. What is the remainder when -4*((-9)/z)/((-6)/(-524)) is divided by 33?
32
Suppose 4*n - 9*n = -15. Suppose -5*t = 5*r - 165, -n*t = -4*r + 3*r + 49. Calculate the remainder when 87 is divided by r.
13
Suppose -5*g - 2*a = -3145, -5*g + 1119 = -2*a - 2046. What is the remainder when g is divided by 80?
71
Let n = 52 - -53. Calculate the remainder when n is divided by (4/(-12))/(26/(-39)) + 1001/26.
27
Let x(c) = -5*c**3 + 7*c**2 + 2*c + 10. Let g be x(-5). Suppose 2*s = 5*l + g, 8*s - 3*s = 3*l + 1981. Calculate the remainder when s is divided by 57.
53
Let z(y) = -y**3 + 3*y**2 + 10*y - 13. What is the remainder when 2342 is divided by z(4)?
10
Suppose 2 = -2*y, -2*c + 15 + 4 = 5*y. Let r = 51 + -5. Calculate the remainder when r is divided by c.
10
Suppose -2*p - 6*d = 36, 4*p + 5*d - 7 + 16 = 0. Calculate the remainder when 263 is divided by p.
2
Let b(o) = 61*o**2 - 6*o + 17. Let q(i) = -12*i**2 + i - 3. Let d(z) = -2*b(z) - 11*q(z). What is the remainder when 21 is divided by d(1)?
1
Calculate the remainder when 78 is divided by ((-26)/(-156))/((-1)/15)*(-268)/10.
11
Suppose -26*f - 4*f + 3448 + 1622 = 0. Calculate the remainder when f is divided by 156.
13
Let v(k) = -k**2 - 4*k + 2. Let p be v(-3). Calculate the remainder when 45 is divided by 32/p*90/36.
13
Suppose 55*x = -62*x + 135*x - 4086. What is the remainder when 1076 is divided by x?
168
Let a = -607 + 616. Let c(q) = -31*q + 299. What is the remainder when 89 is divided by c(a)?
9
Let k = 347 - 431. Let n = k - -100. Calculate the remainder when 71 is divided by n.
7
Let d(v) = 7*v - 5. Let l be d(5). Suppose -3*y - l = -y. What is the remainder when 32 is divided by (33/y)/(8/(-40))?
10
Let x = -10 - -26. Calculate the remainder when (381/8 - (-75)/200) + (0 - 2) is divided by x.
14
Let m = -327 - -330. Suppose m*y - 259 = -p, -y + 4*p = -0*y - 82. Calculate the remainder when y is divided by 14.
2
Let z be (-20)/(-6)*(-3)/(-2). Suppose 0 = 5*q + 5*y - 95, z*q + 2*y - 95 = -0*y. Suppose -6*x = -x - 25. Calculate the remainder when q is divided by x.
4
Suppose 2*z = -2*y + 1300, -32 = -3*z - 41. Calculate the remainder when 1313 is divided by y.
7
Let t be (-1)/((-4 + 9)/(-25)). Suppose 2*x - 20 = 2*q, t*x = 7*x - 5*q - 29. Calculate the remainder when 25 is divided by 89/x + 12/42.
12
Suppose p = -4*k + 31, 2*k = -p - 4 + 21. Let h = -3 + k. Let j = 12 + h. Calculate the remainder when 62 is divided by j.
14
Let x = -189 + 217. Suppose -42*c = -43*c + x. What is the remainder when 139 is divided by c?
27
Suppose 6*s = -6*s + 1344. Suppose -o + 231 = -3*w, 2*o = 3*w + 353 + s. Calculate the remainder when o 